*3 + 14*n**2 - 6*n - 12. Let r(h) = -11*h**3 + 41*h**2 - 19*h - 36. Let m(w) = -3*r(w) + 8*v(w). Calculate m(10).
2
Let q(d) = -51 - 2*d + 53 + 5*d + 2*d. Determine q(-4).
-18
Let x(s) = -3*s**2 + 11*s + 9. Let g(w) = -2*w**2 + 10*w + 8. Let h = 4 - 1. Suppose -h*c = 4 + 5. Let q(u) = c*x(u) + 4*g(u). Determine q(-4).
-7
Let h(p) be the first derivative of 1/4*p**4 - 1 + 7/3*p**3 + 7/2*p**2 + 7*p. Determine h(-6).
1
Let f(o) = -3*o + 9. Let i(m) = -3*m + 8. Let l(c) = -6*f(c) + 7*i(c). Let d(p) = -3*p**3 - p**2 - 2*p - 1. Let n be d(-1). Give l(n).
-7
Let y(d) = -d**3 - d**2 + d - 3. Let o = -81 + 81. Calculate y(o).
-3
Let m(a) = 2*a**3 + 4*a**2 + 3*a + 1. Suppose -4*k + 20 = -0*k. Suppose 5*b + 7 = 3*l, k*b = -0*b - 5*l - 15. Calculate m(b).
-5
Suppose 4*m + 2 = -2. Let r(j) = 5*j**3 + j + 1. What is r(m)?
-5
Let o(h) = 4 + 4*h - 4*h + h + 4*h**2 + 4*h. Let a(n) = n**2. Let x(v) = -3*a(v) + o(v). Give x(-5).
4
Let f(h) = 2*h + 4. Let a be 1 - 0 - (-64)/(-16). What is f(a)?
-2
Let m(q) = -q**2 + q. Let u(z) = -3*z**2 + 7*z + 2. Let a(w) = -2*m(w) + u(w). Let b be (-28)/(-6) + 1/3. Determine a(b).
2
Let s(g) = -g**2 - 4*g - 3. Let w be s(-4). Let h(y) = y**2 + 4*y + 3. Determine h(w).
0
Let m be 2 + 1 + 3 + -1. Let z(g) = g**2 - 6*g + 7. Determine z(m).
2
Let l(y) be the first derivative of -y**7/840 + y**6/72 + y**5/60 - y**4/12 - y**3/3 + 3. Let v(p) be the third derivative of l(p). Determine v(5).
8
Suppose -3*f = -2*g - 20, 0 = 3*f + f - 2*g - 24. Let r(q) = 2*q - 3. What is r(f)?
5
Let q be -6 - (2 + -2) - -1. Let f = q + 3. Let x(z) = -5*z**2 + 3*z**2 + 5*z**2 + 2*z - 4*z**2. Give x(f).
-8
Let q(d) = -2*d - 15. Let n(k) = k + 7. Let p(v) = 5*n(v) + 2*q(v). Calculate p(-9).
-4
Let x(d) = -d - 3. Let h(w) = -4. Let l(g) = -2. Let b(j) = 2*h(j) - 6*l(j). Let p(r) = -3*b(r) - 2*x(r). Give p(4).
2
Let t be (-6)/9 + (-2)/(-3). Let m(b) = -b - 7. Determine m(t).
-7
Suppose 0 = s - 3*u + 10, 4*s - 3*u - 2 = -6. Suppose s*v + 2*v + 12 = 0. Let w(o) = o**3 + 2*o**2 - 4*o. Determine w(v).
3
Let m(a) = a + 9. Let s be m(-7). Suppose -5*v - 26 = o - 3*o, 2*v = -8. Let c(g) = -s*g - 6 - g**o + 3*g + 0*g. Give c(0).
-6
Let c(d) = -d**2 - d + 1. Suppose -8*x + 5*x - 12 = 0. Let u(h) = -5*h**2 - 5*h + 5. Let t(y) = x*c(y) + u(y). Give t(0).
1
Suppose 2*t + 10 = -4. Let s be (-2 + 3)/((-1)/t). Let i = 12 - s. Let l(c) = -c**2 + 2*c + 4. Give l(i).
-11
Let a(n) be the third derivative of -n**5/60 - n**4/24 + n**3/6 + n**2. Let f(w) = 3*w**2 - 2*w - 9. Let q(o) = -2*a(o) - f(o). Let j = 448 - 442. Give q(j).
-5
Let q(m) be the second derivative of m**5/2 - 7*m**4/12 - 2*m. Let x(c) = 11*c**3 - 8*c**2. Let t(d) = -7*q(d) + 6*x(d). Determine t(-1).
5
Suppose -1 = -r - 3*l, -4*l + 3 = 3*r - 0*l. Let c(y) = 2*y - r - y - 4*y - 3*y. Calculate c(-1).
5
Let s = -6 + 9. Let t(b) = -10*b - 2 - b + 13*b. Calculate t(s).
4
Let v(f) = 2 + 6*f + 2*f + 3*f - 9*f. Give v(-6).
-10
Let m(i) = 3*i**3 - 7*i**2 + 7*i + 18. Let l(z) = z**3 - 2*z**2 + 2*z + 6. Let u(g) = 7*l(g) - 2*m(g). Determine u(0).
6
Let q(t) = -10*t - 1. Let s be (-1)/2 + (-70)/(-20). Let b = 2 - s. Determine q(b).
9
Let t(s) = -s**3 - 14*s**2 + 15*s + 8. Let q be t(-15). Let c = q + -2. Let g(u) = -u**3 + 7*u**2 - 6*u - 2. Give g(c).
-2
Let r(n) be the third derivative of -n**5/40 + n**4/12 - 5*n**3/6 + 4*n**2. Let d(v) be the first derivative of r(v). Determine d(2).
-4
Let m(w) = -w**3 + w**2 - w + 9. Let b be (-6 + 6)/((-2)/(-2)). Determine m(b).
9
Let g(d) = 8*d - 13. Let p(z) = 2*z - 3. Let x(n) = 2*g(n) - 9*p(n). Let o be 105/30 - (-2)/(-4). Give x(o).
-5
Let c(k) = -2*k**2 + 4*k - 2. Suppose 0*i + 12 = 3*i - r, -i = -r - 6. Determine c(i).
-8
Let v(o) = -6*o**3 - 6*o**2 + 3*o + 2. Let l(p) = -5*p**3 - 5*p**2 + 3*p + 2. Let t(x) = 4*l(x) - 3*v(x). Calculate t(-2).
4
Let k(m) = m**2 - 13. Suppose 0 = 4*r + r - g - 1, 5*g = r - 5. What is k(r)?
-13
Let y(c) = -2*c + c**3 + 4*c**3 - 3 + 0*c**2 - 4*c**3 - c**2. What is y(-2)?
-11
Suppose 0 = -5*u + 17 + 13. Suppose 7*n = 2*n. Let q(r) = u - 3*r + 4*r + n*r. What is q(-4)?
2
Let q(x) = x**3 - 3*x**2 - 3*x + 3. Let p = -5 - -3. Let r = p + 5. Suppose -r*s - 3 = y, 0 = -5*y + 4*s + 12 + 11. Give q(y).
-6
Let a = 15 + -7. Let x(y) = -4*y - a + 1 + 0 + 3*y. Calculate x(-6).
-1
Let c(g) = 5*g. Let i(z) = z + 1. Let s(q) = -c(q) + 4*i(q). Let d be -1 + (-5)/(-1) + -2. Give s(d).
2
Let k(a) be the second derivative of -a**5/20 + a**3/6 + 3*a**2/2 + 2*a. Suppose 2*m = -3*u - 8, -4*u - 1 = 2*m + 9. Let p = -1 - m. Calculate k(p).
3
Let p(k) be the second derivative of k**7/840 - k**6/60 + k**5/24 + k**4/24 + k**3/2 + 5*k. Let w(q) be the second derivative of p(q). Determine w(4).
-11
Let l be 4/(-14) + (-4)/(-14). Let h(b) = -3 + 2 - 46*b - 4 + 45*b + b**2. Give h(l).
-5
Let b(n) = -n**2 - 3*n. Let g be b(-2). Let m(f) = -f**2 - 1. Determine m(g).
-5
Let c(p) = 12*p**2 - 7*p. Let a(w) = 6*w**2 - 4*w. Let g(o) = -5*a(o) + 3*c(o). What is g(-1)?
7
Suppose -2*t = 2*y - 4*t + 12, 13 = -2*y + 3*t. Let j(k) = -k**2 - 4*k - 2. Give j(y).
-7
Let r be (0 - -1)*(-14)/(-2). Let h(m) = 0*m + 2 + 54*m**2 + 6*m - 5 - 55*m**2. Calculate h(r).
-10
Let k(b) be the third derivative of 1/60*b**5 + 0 - 3*b**2 + 0*b + 7/6*b**3 - 5/24*b**4. Give k(5).
7
Let m(a) be the second derivative of a**5/20 + a**4/2 - a**3/3 - 4*a**2 - 3*a. Calculate m(-6).
4
Suppose 4*v = 3*p - 22, -2*p - 4 + 21 = -5*v. Let j(g) = -g**2 + 8*g + 1. What is j(p)?
13
Let o(f) = f**3 - f. Let y(z) = -4*z**3 + 4*z**2 + z + 5. Let a(s) = 5*o(s) + y(s). Suppose 0 = 2*b + 2*b - 28. Let n = -12 + b. What is a(n)?
0
Let c(j) = 5*j - 13. Let r(a) = -9*a + 25. Let b(d) = 11*c(d) + 6*r(d). Calculate b(-6).
1
Let v(w) = -w**2 - 3*w - 1. Let i(d) = d + 2. Let x be i(0). Let m(b) = b**3 - 3*b**2 + 4*b - 3. Let s be m(x). Let n be ((-5)/10)/(s/4). Calculate v(n).
1
Suppose -u - 20 = 3*u - 2*x, -5*x = 3*u + 15. Let t(s) be the second derivative of -s**3/6 + s**2/2 + 4*s. What is t(u)?
6
Let a(y) be the third derivative of y**5/60 + y**4/6 - 5*y**3/6 + 5*y**2. Give a(-5).
0
Suppose x + 9 = 4*x + y, -2*x - 5*y + 19 = 0. Let p(s) = 5*s + s**2 + 3 + 2*s - x*s. Calculate p(-5).
3
Let n be (-6)/(1/(6/(-4))). Suppose 0*q + x + n = q, 4*x = -5*q. Suppose -o = 2*j + j - 12, 0 = 5*o + q*j - 16. Let y(k) = -k**3 - 4. What is y(o)?
-4
Suppose x = 5*l + 9, 0*x + 5*x - 1 = 3*l. Let g(z) = 3*z**2 - 2. Give g(l).
10
Let g(t) = 0*t**2 + 2 - 2*t - 1 + t**2 + t. Give g(1).
1
Let t(q) be the second derivative of -q**5/30 - q**4/6 + q**3/6 - q**2 - 3*q. Let y(z) be the first derivative of t(z). Give y(-3).
-5
Let p(j) = 1 + 2*j + 94*j**2 - 95*j**2 + 0. Calculate p(3).
-2
Let g(m) = 3*m**2 + 7*m + 15. Suppose 0 = -0*d - 2*d - 10. Let r(u) = -2*u**2 - 3*u - 8. Let w(y) = d*r(y) - 3*g(y). Let a = 21 + -15. Determine w(a).
-5
Let t(y) be the second derivative of y**4/24 + y**3/3 - 2*y**2 + 3*y. Let g(q) be the first derivative of t(q). Give g(2).
4
Let a(k) = k**2 + 4*k - 7. Let s be (-1)/((-8)/10 + 1). Calculate a(s).
-2
Suppose -12 = 3*g + m, -3*g + 0*g - 2*m - 9 = 0. Let u(v) = 2*v - 3. Calculate u(g).
-13
Let m be 2 - 2 - -1 - 1. Let u(f) = f + 7. What is u(m)?
7
Let w(y) = y + 2. Let g(o) = o + 14. Let t(d) = g(d) - 2*w(d). What is t(8)?
2
Let l(j) be the first derivative of -j**3/3 - j**2/2 + 3*j + 1. Let r(b) = -3*b**2 - 3*b + 7. Let w(z) = -10*l(z) + 4*r(z). Suppose 3*d + 8 = -d. Give w(d).
-6
Let k = 14 - 11. Let r(d) be the third derivative of 5/6*d**k - 1/12*d**4 + 0 + 0*d + 2*d**2. Calculate r(4).
-3
Let g(r) = -30*r + 33*r + 2*r**3 - 4*r**2 - 2*r**3 + r**3. Determine g(2).
-2
Let h(x) = -x**2 - 5*x + 3. Let b be h(-3). Suppose -o = 1 - b. Suppose 0 = 4*a + 2*w - o, a + 3*w + 9 = 2*a. Let q(j) = -j**2 + 4*j - 2. Calculate q(a).
1
Let f(w) be the third derivative of 0*w - 10*w**2 - 1/2*w**3 + 1/120*w**6 + 7/60*w**5 + 7/24*w**4 + 0. Determine f(-6).
-9
Suppose -5 = -4*u + 11. Suppose -o = f + u, -4*o - 8 = 5*f + 10. Let d = 8 + o. Let a(h) = -h + 8. Give a(d).
2
Let x(c) be the second derivative of -2*c + 3/20*c**5 - 1/12*c**4 + 0 - 1/2*c**2 - 1/6*c**3. Let n(p) = p**2 + 4*p - 1. Let i be n(-4). Give x(i).
-4
Let g(a) be the third derivative of a**5/60 - a**4/24 + a**3 - 6*a**2. Give g(0).
6
Let j = -1 - -1. Let u(a) = a**2 + j - a + 2*a